.
56
-7 + (40 - 71 - -2) - -83
47
-14 - 22 - (-1 + -93 + 10)
48
What is -138 + -11 + 114 - (-58 + 1)?
22
What is the value of -33 - (-23 - 122) - 151?
-39
(-82 - (-2 + 10)) + 2 + 18 + -14
-84
What is (-20 - 8 - -22 - -13) + (-1 - 4) - -29?
31
Calculate 3 + (-17 - -13) + -26 + 9 - 1.
-19
Evaluate 98 + -51 + (-22 - -1) - 32.
-6
What is the value of 28 + -56 + (-36 - -6) + 41?
-17
7 - (-38 - -2 - (1398 + -1454))
-13
Evaluate (-7 - (7 - (0 - -12))) + 48 + -3.
43
7 - -3 - (7 - (61 - 39))
25
What is the value of 0 - 17 - (-98 + (5 - -11 - 0))?
65
Calculate (-13 - -13) + (-36 + 15 - -7).
-14
1 + 33 - (-4 - 106 - -130)
14
Evaluate -13 + (-27 + 24 - -4) + -87 + (1 - 2).
-100
-55 + (-45 - -249) + -113
36
What is 6 + 17 + 5 + -75 + 15 - -12?
-20
Evaluate -3 + -1 + -52 + 59 + (-2 - 23 - 7).
-29
-23 - (29 + -61) - 81 - 32
-104
(9 - -16) + (37 - 52) + 32 + 0
42
What is the value of 8 - (49 - (5 + (-15 - -18) + 2 + -14))?
-45
What is -87 - 107 - -253 - (12 - 0)?
47
Calculate -86 + (26 + 27 - 17 - 7).
-57
What is (4 - 4 - (37 - (14 + -7))) + (-4 - -5)?
-29
Calculate (29 + -12 - 31) + (-14 - 0).
-28
Calculate (9 - (-3 - 64)) + -19.
57
Evaluate (119 - 1) + (-3244 - -3011).
-115
Calculate -11 + (64 - 10 - 18) + (-5 - -5) + 6.
31
Evaluate 70 + (-92 - -71) + -111.
-62
Calculate -2 + 8 + -25 + 66 + -21.
26
What is -2 + 35 - (32 + -5 + -7)?
13
What is -51 + (52 - (127 - 30))?
-96
What is the value of -2 + -1 + 459 + -424 - (-1 - -3)?
30
Evaluate 64 - 26 - (-4 - -23).
19
Evaluate 199 + -178 + -13 + 2 + 4 + -8.
6
Evaluate -9 + 57 - 31 - 3.
14
Evaluate 95 + 3 + -25 + -15 + 0 + -4.
54
-74 + 437 - 127 - 147
89
What is the value of -28 + 11 + 8 + (-6 + 13 - -44)?
42
(16 + (0 - (33 + -13 - 13)) - -3) + -64
-52
Evaluate -15 + 11 + 17 + (-2 + -6 - -13) - 1.
17
Evaluate -55 + (58 - 20) - (-67 + 4).
46
What is -30 + -40 + (-18 - -55)?
-33
What is (-86 - 8 - -27) + 97?
30
What is the value of 42 + -14 + -16 + -4 - (1 - (-4 - 68))?
-65
-40 - 1 - -19 - (4 + 9 + -16)
-19
Evaluate (3 - -19) + 1 - (12 + -27 - 29 - -31).
36
What is 126 - (-61 + 18 + 119)?
50
-21 - (48 + -76) - (-32 + 1)
38
-5 + 3 - (6 - ((-19 - -16 - -3) + 53))
45
What is -51 + -7 + 114 + -101?
-45
Evaluate 20 - (24 - (-2 - (-17 - -43))) - -14.
-18
What is the value of -54 + (-39 - (-17 - 38))?
-38
Calculate -4 + (-60 - -64) + -3 + -10 + 1.
-12
Calculate 25 + -28 + 10 + -8.
-1
Calculate 33 + -23 + (-4 - -11) + 65 - (-1 - -7).
76
2 + -6 - -30 - ((14 - 0) + -32 + 15)
29
Evaluate 52 + -47 + 59 + -45.
19
Calculate -8 + 23 + -1 + -14 + -22.
-22
Evaluate -13 + 38 + -18 + -6 + -1 - (3 - 1).
-2
What is the value of (5 - ((11 - 1) + (-12 - (14 + -15)))) + 59?
65
What is the value of -35 - (9 - (-6 + 19) - -7)?
-38
18 + (-93 - -14) + 25 + -23
-59
Calculate (-10 + -1 + 7 + 6 - -11) + -63.
-50
What is the value of 23 + -53 + 47 - -23 - 24?
16
What is the value of -30 + 7 + -10 + -125 + 121?
-37
11 + -33 + (-247 - -290)
21
Calculate (-63 - (-179 + 109)) + (-50 + -3 - -2).
-44
What is the value of 64 + 0 - ((10 - -1) + (-2 - (-34 + 44)))?
65
Evaluate -12 - (26 - 8 - 51).
21
Evaluate 20 + -15 - (4 + -2 + (3 - (-1 - -8))).
7
Evaluate -975 + 862 + 1 + 25 - -12.
-75
28 - (-3 + 2) - (-46 + -20 + 2 + 55)
38
What is the value of (-1 + 11 + -18 + 20 - 20) + (-1 - -24)?
15
95 + (-71 - -104) + -12
116
Evaluate -32 - (-16 + 8) - -19 - 32.
-37
Evaluate (17 - (-3 + 26)) + (-2 - -5) + 4.
1
Calculate -32 + (42 - -13) - -5.
28
What is the value of 10 - ((9 - (-13 + -1 - (-111 - -99))) + -70)?
69
What is the value of 9 - (-50 + -17 - (30 + -2))?
104
Evaluate (-7 - -4) + 30 - (-80 + 74 + 4).
29
Evaluate -101 + (-6 + -83 - -156).
-34
What is the value of 4 + (11 - -1 - -2 - (-9 + 44))?
-17
Calculate 19 + 1 - ((25 - -20) + -17).
-8
Evaluate (-1 - -3) + (-48 - (10 + 4 - 30)).
-30
What is 20 - (-21 - (7 - 78))?
-30
Calculate -173 + 158 - (5 + (9 - 65) + -4).
40
What is 98 - (6 + -1 + 1 + -10 + 4 + 7)?
91
Calculate -11 - ((-30 + 6 - -14 - 1) + (2 - 149)).
147
Evaluate -11 - (22 + 9) - 4.
-46
Evaluate -16 + (-5 - -5 - (9 + -28)).
3
Calculate 16 + 3 + 60 + -72 + 29.
36
146 + -152 + -1 + -1 + 9 + 42 + -8
35
223 + -226 + (-5 - -31 - -4)
27
What is the value of 5 + 52 + 16 - -1?
74
Evaluate 2 + 7 - (1 + 16 - (37 + -5 + -24)).
0
Evaluate (16 - 9) + 13 + -98.
-78
Evaluate (36 - 3) + -2 + (768 - 769).
30
Calculate 2 - ((-21 - -27) + -4 + 14).
-14
What is the value of 60 + (127 - 116 - (7 + 5 + (2 - 3)))?
60
What is (-108 - 60 - -164) + 1 + (-1 - -43)?
39
What is (-23 - -21) + 4 + -5 + -3 + 7 + 42?
43
Calculate 33 + (20 - (55 + -50)).
48
What is the value of 0 - (-78 + (2 + 8 - 7) + 11 + -16)?
80
Calculate -463 + 454 - (-24 + -1).
16
-26 - (42 - (150 + 39)) - (4 + -2)
119
What is 34 + -25 - (-30 - 9) - -79?
127
Evaluate (-422 - -412) + ((12 - -2) + 0 - (7 - 7)).
4
What is -17 + -9 + (-7 - -1) + 15?
-17
Evaluate -17 + (140 - 74) - 122.
-73
Calculate 109 + 6 + -29 + -18 + -12.
56
What is the value of -58 + ((51 - 37) + -5 - (4 + -2))?
-51
Evaluate -65 + -15 + (-3 - -9 - -13) + 3.
-58
Evaluate -8 + 0 + (-29 + 28 - (-6 + -11)) + -20.
-12
Calculate (-44 - (-13 - (4 - 23))) + 9 + 12.
-29
Evaluate 11 - (2 + 3 + 0 + (52 - 64)).
18
Calculate -11 - -167 - (0 - (-23 + -13)).
120
What is the value of 3 - 7 - (-17 + (-6 - -7) + 58)?
-46
Calculate 7 + 9 + (-6 - -18) + 5 - (-5 - -10).
28
Calculate 37 - (49 - 23) - -54.
65
What is the value of -1 + -28 + 5 - (-258 - -281)?
-47
What is 1910 + -1847 - (67 + -1)?
-3
Evaluate 2675 - 2670 - (55 + 1).
-51
-268 + 277 + -13 + (20 - (1 - -1))
14
0 - (1 - 85) - (8265 - 8244)
63
-52 + 0 + (23 - -12 - 32) + -8 - 7
-64
56 - (99 + -47 - 54)
58
What is (-15 - -24 - 26) + -19 + 12?
-24
Calculate 62 + (0 - (-1 + -2) - (-20 + -42 + 78)).
49
What is the value of -79 + 122 + -45 + -1 + (16 - 0)?
13
(4 - (8 + (-2 + 0 - 17))) + -14
1
What is the value of (40 - -1) + (-22 - (2 + -15)) - (8 - 9)?
33
What is (16 - (4 + 12 + 9) - -4) + -61?
-66
Evaluate 65 - (-49 + (157 - 15)).
-28
What is (-10 - 10 - (19 + (-31 - 8))) + 86?
86
What is the value of -26 + (-13 + (-4 - -9) - -12 - -1)?
-21
What is the value of (-45 - -19) + 38 - (-2 + 2) - -9?
21
-37 + (49 - (-44 + 59))
-3
What is -37 + 147 - -9 - 1?
118
Calculate -100 - (-19 - (-25 - (31 - 53))).
-84
37 + -79 + 93 + -58 + 0 + 1 + 0
-6
Evaluate 13 + -18 + 58 + (-11 - -4).
46
What is the value of 18 + 14 + 1 - (-4 + 14 + -11)?
34
Evaluate (-5 + 19 - 6) + 58 - (5 - (9 + 9)).
79
Evaluate -70 + (71 - 62 - -38).
-23
Evaluate (-32 - -35 - (0 - 6)) + -50 + -6 + 13.
-34
Evaluate (35 - 8 - 39) + (1 + -3 - 29).
-43
Calculate 73 + -73 + -26 + -58.
-84
What is (-4 - (-13 + 2 - (-10 + 11))) + -5 + -1?
2
What is 16 - -6 - (88 - (5 - -3))?
-58
What is 43 + 2 - 0 - (-4 - (20 - 22) - -9)?
38
(6 - -35) + -100 + -16 + -7
-82
Evaluate 49 - (-13 - (12 - 13)) - 13 - -8.
56
7 - -8 - ((-13 - -88) + 6 + -12)
-54
What is -3 - (8 - (-1 + 35)) - -9 - -2?
34
Evaluate 444 - 415 - (-24 - -1).
52
What is the value of -13 - ((0 + 27 - (25 + 27 + -44)) + -11)?
-21
Evaluate 1 + 30 - (-97 - (-156 + -35)).
-63
1 + -26 - (-339 + 312) - (-13 - -1)
14
Evaluate 66 + 1 + (0 + -21 - (-87 - 17 - -89)).
61
1 + (-109 - (15 - 122))
-1
What is 4 + 11 + -4 + -23 + 5?
-7
(26 + -31 - 6) + -32
-43
Evaluate 0 + 32 - (1 + -13 + 0 - -13).
31
Calculate (1 - -3) + -10 + (-24 - (-32 - -10)).
-8
Evaluate 0 + -44 - (5 - -3 - (-11 + -5 - -13)).
-55
Calculate -26 + (-3 + 9 - -16) - 14.
-18
32 + 1 - (-1283 + 1289)
27
12883 + -12856 + (1 - (-1 - (-2 - -1)))
28
What is the value of (-63 - (-3 + (7 - (0 + 1)))) + 41 + -47?
-72
Evaluate (-44 - 13) + -9 + 21 - -2.
-43
What is the value of (-45 - (-24 + -55 + 44)) + 24?
14
What is -29 - (-3 + (-12 - 1 - -14) + -6)?
-21
Evaluate 41 + (-100 - -36) + 1 + -1.
-23
Calculate 2 + -8 + -34 + 42 + (-1 - -3 - 27).
-23
What is the value of 5 - 26 - (46 + -50 + 20)?
-37
Evaluate -17 + 0 + (43 - (-20 - -32 - -23)).
-9
15 + (-12 - -32) + -37 - 50
-52
What is the value of -36 + -19 + 33 + 6 + -2 - -146?
128
What is the value of (-78 + (11 - 13 - 0) - 8) + -14 + 11?
-91
41 - (12 - (-7 + (11 - (-11 + 6))))
38
94 + (6 - (4 - -1)) - (29 - 46)
112
Evaluate -2 + (-6 - 7) - (-8 + -7 + 6).
-6
What is the value of 36 - 28 - (-5 + (22 - 25))?
16
What is the value of (72 - (93 + -14)) + -52?
-59
Evaluate 20 + -19 + 15 + (-11 - 3).
2
-1 + 1 - (